**2 - 6*n - 1. Let f(v) = a(v) - 4*l(v). Let o be f(2). Let k = o + 41. What is the units digit of k?
0
What is the tens digit of (-2027)/(-5) + (-57)/(-95)?
0
Suppose 2*u - 8 = -2*u. Suppose -5*z + 12 = -2*l, z = 2*l - u - 2. Suppose 0*j = -4*j + l*m + 88, -2*j = -3*m - 40. What is the tens digit of j?
2
Let f = -11 - -6. Let p = 1 - f. Let c(a) = -a**3 + 6*a**2 + 4*a - 4. What is the units digit of c(p)?
0
Suppose 20*q = 19*q + 363. What is the tens digit of q?
6
Suppose 5 = 3*i - 7. Suppose -5*x + 37 = -i*n + 155, 0 = -3*n + 2*x + 85. Let g = -4 + n. What is the tens digit of g?
2
Let x(h) = 125*h - 24. What is the tens digit of x(1)?
0
Suppose -3*v - 5*o - 3 = 0, -v + 4 = 3*o + 1. Let l(i) = -30*i - 20. What is the hundreds digit of l(v)?
1
Let l be 2*(0 + (-25)/(-10)). Suppose 2*a + 360 = 4*d - 0*a, l*a - 204 = -2*d. What is the units digit of d?
2
Let g(f) = -f**2 + 6*f - 5 - 11*f + 8*f**2 - f**3. Suppose c = 4*j - 2*c - 24, -j + 6 = -5*c. What is the units digit of g(j)?
1
Let d(l) = l - 6. Let f be d(5). Let w be f/2 + (-27)/(-6). Suppose 36 = 2*c - 2*o, w*c + 3*o = 6 + 59. What is the units digit of c?
7
Let v = 173 + 319. What is the hundreds digit of v?
4
Let m(h) be the first derivative of 49*h**2/2 + 14*h - 24. What is the units digit of m(3)?
1
Let o(b) = b**3 + 12*b**2 + 9*b - 19. Let g = -49 + 38. Let r be o(g). Suppose 2*v + r*q = 18, 4*q = -v - 0*v - 1. What is the units digit of v?
5
Let o = 649 - 165. What is the tens digit of o?
8
Suppose 0 = -2*k + 1472 + 1894. What is the tens digit of k?
8
Let d(p) = -p**3 + 14*p**2 - 11*p - 17. Let z(c) = c**2 - 3*c + 9. Let r be z(4). What is the units digit of d(r)?
9
Suppose -3*a + 2*a + 57 = 4*n, 0 = a + 3. Let c(d) = -d**3 + 15*d**2 + 3*d + 8. What is the tens digit of c(n)?
5
Let f = -167 + 87. Let o be (-68)/3*9/6. Let g = o - f. What is the units digit of g?
6
Suppose 37*l - 63260 - 43485 = 0. What is the hundreds digit of l?
8
Let p(l) = -48*l. Let f be p(-1). Suppose 4*h + 5*j - 6 = 39, 3*h - j = f. Suppose -2*m + 5*m - h = 0. What is the units digit of m?
5
Let k(g) = 48*g**2 + 45*g + 201. What is the tens digit of k(-5)?
7
Let w = 2505 - 1761. What is the tens digit of w?
4
Let q(c) = -c**2 + 13*c - 10. Let t be q(12). Let a(v) = -5*v - v - t*v. What is the tens digit of a(-4)?
3
Let c(j) = j + 2. Let p be c(0). Suppose 0*n - 6 = -p*n. Suppose n*m + 4 - 103 = -3*t, -4*t + 117 = -m. What is the tens digit of t?
3
Let i(q) = 9*q**2 + 15*q - 16. What is the tens digit of i(7)?
3
Suppose -4*g + 2*k = 10, 2*g - 12 = 7*g - 3*k. Let t(x) = -9*x + 2*x**2 - 1 - x + 16*x - 2*x. What is the units digit of t(g)?
5
Suppose 3*w - 2*w - 12 = 0. Suppose w*c = 11*c - 57. What is the units digit of c/(-2) - 3/(-2)?
0
Let p(r) = r**3 + r**2 + 478. What is the tens digit of p(0)?
7
Let z(c) = -2*c**3 - 5*c**2 + 7*c - 63. Let h(k) = 3*k**3 + 7*k**2 - 10*k + 94. Let x(f) = 5*h(f) + 7*z(f). What is the units digit of x(0)?
9
Let o(i) = -i**2 + 3*i - 3. Let p be o(2). Let z be 0/((-2 - -3)*p). What is the units digit of (2 - z)*-2*-2?
8
Let v(x) = x**2 + 5*x + 6. Let k be (-6 + 0)*20/(-30). Suppose k*j + 19 = -2*h - 11, 3*j - h = -15. What is the tens digit of v(j)?
1
Let z(m) = m**2 + 4*m - 8. Let r be 2/3*(-8 - 1). Let i be z(r). What is the units digit of 1*(4 + (4 - i))?
4
What is the units digit of 1260 - 30/(-6) - -8?
3
Suppose -4*n = 5*x - 6209, 14*n - 11*n - x = 4633. What is the thousands digit of n?
1
Let r = -37 - -70. Suppose 0*o - r = -3*o. Suppose a - o = 11. What is the units digit of a?
2
Let x be 2/(-14) - (-83)/(-7) - 0. Let c(w) be the first derivative of -w**4/4 - 11*w**3/3 + 9*w**2/2 - 13*w + 1. What is the units digit of c(x)?
3
What is the hundreds digit of (-20568)/(-64) - (-24)/(-64)?
3
Suppose -3*n + 8 = d, -3 = -3*d + n + 1. Suppose 0 = 4*u - w + d*w - 266, -4*u - 3*w = -262. What is the units digit of u?
7
Let t(n) = 0*n + 0*n - 18 + 24 - 2*n. Let s be t(6). Let m(p) = -p**3 - 7*p**2 - 6*p + 13. What is the units digit of m(s)?
3
Suppose -3836 = -4*a - 22*u + 17*u, -3*u = -a + 942. What is the tens digit of a?
5
Let b(w) be the third derivative of -w**5/60 + 5*w**4/12 - w**3/6 - w**2. Suppose 5*i = -10 - 0, -4*i = -2*j + 24. What is the units digit of b(j)?
5
Let j(a) = -a**3 - 12*a**2 - 7*a - 10. Let m(y) = y**3 + 12*y**2 + 7*y + 10. Let o(c) = -5*j(c) - 4*m(c). What is the tens digit of o(-11)?
5
Suppose 7*i + 13 = 4318. What is the units digit of i?
5
Let k(s) = s**2 - 8*s + 15. Let l be k(6). Suppose l*h - 5 = 127. Suppose c - h = 4*q, -3*c + 6*c + q = 119. What is the units digit of c?
0
Let n = 11 - 17. Let m be (2 + -14)/(n/4). What is the units digit of (m/(-6))/((-5)/150)?
0
Let k = 8 + 2. Suppose -k*s + 10 = -5*s. What is the units digit of s?
2
Let v(i) = -i**3 + 30*i**2 + 27*i + 147. What is the units digit of v(30)?
7
Suppose 0 = -4*a + 5*v + 731, 0*a + 11*v - 325 = -2*a. What is the tens digit of a?
7
Suppose -3*i - 36 = 2*i + 3*z, -4*i = -2*z + 20. Let y = 8 + i. Suppose -5*d + y*d = -30. What is the units digit of d?
0
Suppose -3*p = -0*b - 4*b + 2786, -3*b + p + 2087 = 0. Suppose 14*z + b = 19*z. What is the tens digit of z?
3
Let k(u) = 16*u + 874. What is the units digit of k(-14)?
0
Let u be (-1)/4 + (-3075)/20 + 5. Let a = 271 + u. What is the tens digit of a?
2
Suppose 0*h + 21 = -h. Let g = h + 22. What is the units digit of 0/((-4)/g) + 1?
1
Let j be (-8)/36 + 4/18. Suppose 71 = x + 3*u, 2*x - 142 = -j*u + 2*u. What is the units digit of x?
1
Suppose 16*o = -o + 408. What is the units digit of o?
4
Let c be 0*(1 + (-4)/6). Let i = 3 + -12. Let j = c - i. What is the units digit of j?
9
Let g(u) = 5*u - 1. Suppose 5*k - 6*l + l = -5, 3*l - 1 = 5*k. Let v be g(k). Suppose 92 = v*m - 48. What is the units digit of m?
5
Let b(d) be the third derivative of -d**4/24 + 3*d**3 - 5*d**2. Let y be b(13). Suppose u + y = 8. What is the units digit of u?
3
Suppose -4*j + 6*o = 5*o - 13, 0 = 2*j - 4*o - 24. What is the tens digit of (-2474)/(-38) + j/(-19)?
6
Suppose 3486 = 7*r - 37989. What is the units digit of r?
5
Suppose 4*h - 8 = -4*x, 3*x - 5*h - 2 = 4. Let z(r) = 30*r + 2. What is the tens digit of z(x)?
6
Let j(d) = -12*d**3 - 29*d**2 + 35*d - 9. What is the thousands digit of j(-8)?
3
Let k(b) be the third derivative of -b**4/6 + b**3/6 + 8*b**2. Let n be k(-3). Let z = n - 9. What is the units digit of z?
4
Let k = 0 + -16. Let v = k - -60. What is the units digit of v?
4
Let u = -144 + 535. What is the tens digit of u?
9
Suppose 0 = 5*i + 2*c - 589, -3*i + 4*c - 160 = -529. Suppose b + 0*b - i = 0. What is the units digit of b?
9
Suppose 0 = h - o - 719, 3*h + 4*o - 212 = 1980. What is the hundreds digit of h?
7
Let z = 229 + -94. Let x = z + -97. What is the units digit of x?
8
Let x(m) be the first derivative of m**3/3 - 5*m**2/2 - m + 1. Let n be x(6). Suppose n*g - 80 = -20. What is the units digit of g?
2
Suppose v - 3*h + 6 = 28, 26 = v - h. What is the units digit of v?
8
Suppose 4*q + 24 = q. Let a(g) = 15*g**2 + 12*g + 20 - 9 - 5*g**2 - 9 + g**3. What is the units digit of a(q)?
4
Suppose -4*m + 401 = -p, -5*m - p + 498 = p. Let v = m + 74. What is the units digit of v?
4
Let f(w) = w**2 - 4*w + 80. What is the units digit of f(-9)?
7
What is the thousands digit of -4*(8 - 3210/8)?
1
Suppose 3*s = -5*q + 2275, -2*q = -3*q + 5. What is the units digit of s/26 - (111/39 - 3)?
9
Let b be ((-1)/(-2))/(17/(-68)). Let c(w) = w. Let p(q) = -6. Let y(x) = b*p(x) + 2*c(x). What is the tens digit of y(5)?
2
Let w(k) = k**3 - 17*k**2 - 18*k - 33. Let v be w(20). What is the units digit of v/9 - (2 + 7/(-3))?
0
Suppose -4*a + 85 + 215 = 0. What is the tens digit of (0/(-4) - 1)*-3*a?
2
Suppose 0 = -n - 2 + 4. Suppose -u - 5 = 0, -3*p + n*u - 5*u + 30 = 0. Suppose -j + p = 4. What is the units digit of j?
1
Let h = 3 + 7. Suppose -h*p + 253 - 63 = 0. What is the units digit of p?
9
Let n = -15 - -19. Suppose 4*o = o - n*i + 333, -3*i = -5*o + 526. What is the units digit of o?
7
Suppose 2*i = i + 12. Suppose -i*z + 7*z = -60. What is the units digit of z?
2
Suppose -3*a + 14 = 3*c - a, 0 = -2*c + 5*a + 3. Suppose -4*p = -2*n - 320, c*n + 112 = 2*p - 48. Suppose 0*i = 4*i - p. What is the tens digit of i?
2
Let n be -1*(-1 - (2 + 0)). Suppose 5*c 